e prime factors of 135191?
7, 31, 89
List the prime factors of 12786.
2, 3, 2131
What are the prime factors of 424?
2, 53
What are the prime factors of 7545?
3, 5, 503
List the prime factors of 15603.
3, 7, 743
List the prime factors of 5995.
5, 11, 109
List the prime factors of 1119.
3, 373
What are the prime factors of 2631?
3, 877
What are the prime factors of 10679?
59, 181
List the prime factors of 19167.
3, 6389
What are the prime factors of 2750?
2, 5, 11
What are the prime factors of 37352?
2, 7, 23, 29
List the prime factors of 11054.
2, 5527
List the prime factors of 108553.
108553
What are the prime factors of 1295?
5, 7, 37
What are the prime factors of 982?
2, 491
What are the prime factors of 28408?
2, 53, 67
What are the prime factors of 18854?
2, 11, 857
What are the prime factors of 3503?
31, 113
List the prime factors of 2744.
2, 7
What are the prime factors of 14636?
2, 3659
List the prime factors of 2982.
2, 3, 7, 71
List the prime factors of 12317.
109, 113
What are the prime factors of 4123?
7, 19, 31
List the prime factors of 29341.
13, 37, 61
List the prime factors of 391.
17, 23
What are the prime factors of 27426?
2, 3, 7, 653
What are the prime factors of 23185?
5, 4637
What are the prime factors of 10594?
2, 5297
What are the prime factors of 18017?
43, 419
List the prime factors of 24072.
2, 3, 17, 59
What are the prime factors of 49307?
49307
List the prime factors of 431.
431
What are the prime factors of 3449?
3449
What are the prime factors of 18609?
3, 6203
What are the prime factors of 13022?
2, 17, 383
What are the prime factors of 10897?
17, 641
List the prime factors of 23944.
2, 41, 73
What are the prime factors of 2698?
2, 19, 71
What are the prime factors of 1337?
7, 191
What are the prime factors of 6517?
7, 19
List the prime factors of 1690.
2, 5, 13
What are the prime factors of 24566?
2, 71, 173
List the prime factors of 366.
2, 3, 61
List the prime factors of 1053.
3, 13
List the prime factors of 473.
11, 43
What are the prime factors of 423?
3, 47
What are the prime factors of 1000?
2, 5
What are the prime factors of 4982?
2, 47, 53
What are the prime factors of 39415?
5, 7883
What are the prime factors of 29523?
3, 13, 757
List the prime factors of 5040.
2, 3, 5, 7
List the prime factors of 56132.
2, 14033
List the prime factors of 3098.
2, 1549
What are the prime factors of 315?
3, 5, 7
What are the prime factors of 2222?
2, 11, 101
List the prime factors of 84908.
2, 21227
What are the prime factors of 5995?
5, 11, 109
List the prime factors of 96312.
2, 3, 4013
What are the prime factors of 29912?
2, 3739
List the prime factors of 2571.
3, 857
What are the prime factors of 8079?
3, 2693
List the prime factors of 19115.
5, 3823
List the prime factors of 869.
11, 79
What are the prime factors of 867?
3, 17
What are the prime factors of 20634?
2, 3, 19, 181
List the prime factors of 5123.
47, 109
List the prime factors of 4475.
5, 179
List the prime factors of 7849.
47, 167
What are the prime factors of 29156?
2, 37, 197
List the prime factors of 871.
13, 67
List the prime factors of 6385.
5, 1277
What are the prime factors of 1984?
2, 31
What are the prime factors of 61057?
61057
What are the prime factors of 86906?
2, 19, 2287
What are the prime factors of 1255?
5, 251
List the prime factors of 18406.
2, 9203
List the prime factors of 33060.
2, 3, 5, 19, 29
What are the prime factors of 121497?
3, 40499
What are the prime factors of 25513?
31, 823
What are the prime factors of 11280?
2, 3, 5, 47
List the prime factors of 1624.
2, 7, 29
List the prime factors of 20952.
2, 3, 97
What are the prime factors of 17251?
13, 1327
What are the prime factors of 42223?
42223
List the prime factors of 3060.
2, 3, 5, 17
What are the prime factors of 2095?
5, 419
What are the prime factors of 1018?
2, 509
List the prime factors of 5434.
2, 11, 13, 19
What are the prime factors of 60284?
2, 7, 2153
What are the prime factors of 1922?
2, 31
What are the prime factors of 23691?
3, 53, 149
List the prime factors of 286.
2, 11, 13
What are the prime factors of 6152?
2, 769
What are the prime factors of 24021?
3, 17, 157
List the prime factors of 13870.
2, 5, 19, 73
List the prime factors of 52582.
2, 61, 431
List the prime factors of 4349.
4349
What are the prime factors of 2604?
2, 3, 7, 31
What are the prime factors of 46922?
2, 29, 809
What are the prime factors of 10694?
2, 5347
List the prime factors of 174318.
2, 3, 17, 1709
List the prime factors of 1767.
3, 19, 31
List the prime factors of 2228.
2, 557
List the prime factors of 180.
2, 3, 5
What are the prime factors of 11887?
11887
List the prime factors of 35115.
3, 5, 2341
List the prime factors of 9560.
2, 5, 239
What are the prime factors of 16017?
3, 19, 281
List the prime factors of 3968.
2, 31
List the prime factors of 8470.
2, 5, 7, 11
List the prime factors of 223.
223
List the prime factors of 1052.
2, 263
List the prime factors of 39430.
2, 5, 3943
List the prime factors of 11335.
5, 2267
List the prime factors of 852.
2, 3, 71
List the prime factors of 24253.
79, 307
List the prime factors of 2662.
2, 11
List the prime factors of 5187.
3, 7, 13, 19
What are the prime factors of 15587?
11, 13, 109
List the prime factors of 8150.
2, 5, 163
List the prime factors of 212.
2, 53
List the prime factors of 8778.
2, 3, 7, 11, 19
List the prime factors of 5761.
7, 823
List the prime factors of 3679.
13, 283
What are the prime factors of 6152?
2, 769
What are the prime factors of 5175?
3, 5, 23
List the prime factors of 39107.
39107
What are the prime factors of 74489?
74489
What are the prime factors of 68108?
2, 17027
List the prime factors of 102213.
3, 41, 277
List the prime factors of 8256.
2, 3, 43
What are the prime factors of 1677?
3, 13, 43
What are the prime factors of 2736?
2, 3, 19
List the prime factors of 53070.
2, 3, 5, 29, 61
List the prime factors of 54512.
2, 3407
What are the prime factors of 2794?
2, 11, 127
List the prime factors of 10447.
31, 337
List the prime factors of 1408.
2, 11
What are the prime factors of 1776?
2, 3, 37
What are the prime factors of 1132?
2, 283
What are the prime factors of 670?
2, 5, 67
List the prime factors of 1458.
2, 3
List the prime factors of 20824.
2, 19, 137
What are the prime factors of 6695?
5, 13, 103
What are the prime factors of 84135?
3, 5, 71, 79
What are the prime factors of 97408?
2, 761
List the prime factors of 56468.
2, 19, 743
What are the prime factors of 61076?
2, 15269
List the prime factors of 17996.
2, 11, 409
List the prime factors of 8784.
2, 3, 61
What are the prime factors of 1541?
23, 67
List the prime factors of 72267.
3, 13, 17, 109
What are the prime factors of 173012?
2, 7, 37, 167
List the prime factors of 99599.
137, 727
What are the prime factors of 84157?
23, 3659
What are the prime factors of 110142?
2, 3, 29, 211
List the prime factors of 1905.
3, 5, 127
List the prime factors of 10715.
5, 2143
What are the prime factors of 63490?
2, 5, 7, 907
What are the prime factors of 6463?
23, 281
List the prime factors of 2742.
2, 3, 457
What are the prime factors of 3872?
2, 11
What are the prime factors of 4024?
2, 503
What are the prime factors of 74?
2, 37
What are the prime factors of 68994?
2, 3, 3833
What are the prime factors of 1055?
5, 211
What are the prime factors of 422?
2, 211
What are the prime factors of 4174?
2, 2087
List the prime factors of 159216.
2, 3, 31, 107
What are the prime factors of 14711?
47, 313
What are the prime factors of 34?
2, 17
List the prime factors of 23984.
2, 1499
What are the prime factors of 3992?
2, 499
List the prime factors of 6934.
2, 3467
What are the prime factors of 59527?
13, 19, 241
List the prime factors of 680.
2, 5, 17
What are the prime factors of 522?
2, 3, 29
List the prime factors of 60672.
2, 3, 79
List the prime factors of 887.
887
List the prime factors of 2916.
2, 3
List the prime factors of 13319.
19, 701
What are the prime factors of 1315?
5, 263
What are the prime factors of 69?
3, 23
List the prime factors of 10323.
3, 31, 37
What are the prime factors of 46571?
7, 6653
What are the prime factors of 4168?
2, 521
List the prime factors of 3495.
3, 5, 233
List the prime factors of 839.
839
List the prime 